?
2, 3, 7
Let n = 1503 - -466. Let v = -1154 + n. What are the prime factors of v?
5, 163
Let i(z) = z**2 - 15*z + 14. Let l be i(1). What are the prime factors of 59 + -3 + 4 - l?
2, 3, 5
Suppose -3*g - 10583 = -2*x + 5446, 8019 = x + 3*g. What are the prime factors of x?
2, 3, 167
Suppose -t - 592 - 3 = -3*b, 4*t + 16 = 0. Let z = b + 633. List the prime factors of z.
2, 5, 83
Suppose 4*x - 48144 = 2*t, -4*t - 24078 = 23*x - 25*x. What are the prime factors of x?
5, 29, 83
Suppose 0 = 10*a - 139 + 19. Suppose 8*c - 10920 = -a*c. List the prime factors of c.
2, 3, 7, 13
Let f(j) = -15*j + 14. Let n be f(2). List the prime factors of n/28 - 27567/(-63).
19, 23
Let t(c) = c**3 - c - 1. Let d(h) = -6*h**3 + 18*h**2 + 46*h - 24. Let o(x) = -d(x) - 5*t(x). Let q be o(20). What are the prime factors of 3*50/q*(0 + 3)?
2, 5
Let f be (-1 - -2) + (51 - -5). Let i be 3/4 - f/12. What are the prime factors of 81*i*(-5)/30?
2, 3
Suppose 716478 = 35*c - 481677. What are the prime factors of c?
3, 11411
Let n(y) be the first derivative of -23/2*y**2 - 24 + 7*y. List the prime factors of n(-4).
3, 11
Suppose 150 + 678 = 9*u. Let v = u - -216. List the prime factors of v.
2, 7, 11
Suppose -66 = 13*i - 183. Suppose -h + 7 = 2, 5*h = w + i. Suppose 0 = -13*z + w*z - 225. What are the prime factors of z?
3, 5
Suppose 2*g = 2*x + 119590, -58*g - 59805 = -59*g - x. List the prime factors of g.
2, 5, 13, 23
Let j(b) = -175*b + 0 + 2 + 518*b + 3. What are the prime factors of j(1)?
2, 3, 29
Let f be (0 - (-96)/18)/((-2)/(-21)). Suppose 1800 = -f*w + 59*w. List the prime factors of w.
2, 3, 5
Let l be (56/5)/((-46)/(-345)). Suppose 14 = 2*n - 2*c + l, -165 = 5*n - 3*c. Let j = 271 + n. List the prime factors of j.
241
Suppose 4*w + 4*h - 7744 = 0, 15211 + 241 = 8*w - 4*h. What are the prime factors of w?
1933
List the prime factors of (7 - -1)*28223/26 - -1.
3, 5, 193
Suppose 4 = 5*y - n + 7, -3*n = -2*y - 9. Suppose y*x + 5*x - 60 = 4*s, 3*s = 2*x - 24. Suppose -243 = -x*z + 393. What are the prime factors of z?
53
Let l be (-1)/(-5 + (-3084)/(-618)). Let y = l - -61. List the prime factors of y.
2, 41
Let c be (-32)/12*6/(-2). Suppose -5*k + 627 = -3*x, c*x = 4*k + 10*x - 484. What are the prime factors of k?
3, 41
Let z = 228 - 199. Let f(l) = -l**2 + 34*l + 45. List the prime factors of f(z).
2, 5, 19
Suppose -215244 = -45*d + 9*d. List the prime factors of d.
3, 1993
Suppose -107 = -2*y - 3*b, 6*y - 2*y - 169 = 3*b. Let d = -46 + y. Suppose -3*p + 220 = -2*q, 5*p + 4*q + d*q = 330. What are the prime factors of p?
2, 5, 7
Let w = -58 - -55. What are the prime factors of 4 + 167 - (7 + w)?
167
Suppose 504*j - 508*j + 9391 = f, -f + 2*j = -9409. List the prime factors of f.
9403
Let q(f) = 158*f - 538. List the prime factors of q(26).
2, 3, 5, 7, 17
Let f(h) = h**2 - 8*h - 17. Suppose 0 = 3*r - 2*x + 23, 3*r - 1 = 3*x - 28. List the prime factors of f(r).
2, 3
Suppose 43*l = 42*l - 5*x + 28932, -l = -x - 28938. What are the prime factors of l?
19, 1523
Let a(h) = -454*h**3 + 14*h**2 + 26*h - 13. What are the prime factors of a(-4)?
3, 9721
Let n(d) = d**2 - 9*d + 1. Let m be n(7). Let z be 2165/6 + m/(-78). Let r = z - 257. List the prime factors of r.
2, 13
Let c be 2*51/18 + 2/6. Let t(k) = 44*k - 73. What are the prime factors of t(c)?
191
Let q = 245 + -241. Suppose -4*u + 2164 = q*a, 3*a + 521 = -3*u + 4*u. What are the prime factors of u?
2, 67
Suppose 3*o - 8186 = -356. Let n(l) = 7*l**2 - 38*l + 271. Let d be n(9). Suppose -14*f = -o + d. List the prime factors of f.
151
Let q = 4 + -4. Suppose 170 = d - q*z - 2*z, 0 = -3*d + z + 510. Let r = d + -63. List the prime factors of r.
107
Suppose -4*g = 0, 0*d + 5*g - 14976 = -6*d. List the prime factors of d.
2, 3, 13
Suppose 8*m - 9 = 9*m - 3*z, 3*m - z - 5 = 0. Suppose -46*q + p = -43*q - 1918, -1286 = -2*q - m*p. List the prime factors of q.
2, 5
What are the prime factors of 11/(-198)*4 + (-1322878)/(-18) + -4?
13, 5653
Let n = 29017 + -17305. List the prime factors of n.
2, 3, 61
Suppose 1132 = 4*c + 2*i, 8*c - 1144 = 4*c + i. Suppose -10*r + 275 + c = 0. List the prime factors of r.
2, 7
Let h be 5442/(-30) - (-2)/5. Let d be 1*(5 + -3 - h). Suppose 2*y = -4*k + 106, 5*k - d + 45 = 3*y. What are the prime factors of k?
3
Let j be 10/(1*(-4)/128). Let q = j + 1050. What are the prime factors of q?
2, 5, 73
Suppose 2*r + 72 = 76. Suppose -r*n + 4*o = -0*n - 1404, 2*n + 3*o = 1376. What are the prime factors of n?
2, 347
Suppose -23*l + 18*l + 305 = 0. Let w = l - 65. List the prime factors of ((-2)/4)/((-6)/1656) + w.
2, 67
Suppose 364*p = 173024 + 2207900. List the prime factors of p.
31, 211
Let j = 8 - 11. What are the prime factors of ((-5)/(-2))/(j/(-78))?
5, 13
List the prime factors of ((-170940)/(-32) - -1) + (-21)/(-168).
3, 13, 137
List the prime factors of (-66)/22 + 3367 + -4.
2, 3, 5, 7
Let w(b) = -4153*b + 2884. What are the prime factors of w(-15)?
65179
Let a be 6 + (0 - -12)/(-3). Suppose -5*h = 3*q - 5 - 2, 3*h + 4*q - a = 0. Suppose -s - 3*x + 2*x + 55 = 0, 0 = -h*x - 6. What are the prime factors of s?
2, 29
Let p = 6 + -48. Let f = p + 42. Suppose 4*l - 96 = -6*z + 4*z, z - l - 36 = f. What are the prime factors of z?
2, 5
Let i(g) = -42*g + 1942. Let h be i(0). Suppose n - 3*v - h = 0, 4*n = -2*v - 2*v + 7848. List the prime factors of n.
19, 103
What are the prime factors of ((-702)/585 + 2/10)*-25027?
29, 863
Let p(d) = 2861*d + 827. What are the prime factors of p(3)?
2, 5, 941
Let u = 209 + -183. Suppose -u - 134 = -2*r. What are the prime factors of r?
2, 5
Suppose -4*r - z = -360 - 618, 0 = -r - 2*z + 241. Let i = r - -246. What are the prime factors of i?
491
Let s = 31305 - 19217. What are the prime factors of s?
2, 1511
Suppose 2*r + 924 = 186. List the prime factors of (11/(33/r))/((-3)/9).
3, 41
Let m be 6 - (-1 + 45 + 3). Let l = m - -312. List the prime factors of l.
271
Let u = 571 + -571. Suppose u*h - 56*h + 109312 = 0. List the prime factors of h.
2, 61
Let i = -46 - -54. Let y be ((-32)/(-3))/(i/12). Suppose -y*b - 745 = -21*b. What are the prime factors of b?
149
Let l(t) = 2*t + 4. Let u be l(-4). Let y(j) be the second derivative of -j**3/2 - j**2 + 48*j. List the prime factors of y(u).
2, 5
Suppose -2*d = -0*d + 4*h - 20, 5*d = -h + 5. Suppose d*k + 15*k = 12210. List the prime factors of k.
2, 11, 37
What are the prime factors of 95/1425 - (-823138)/30?
2, 3, 17, 269
Let l = -7118 - -14227. What are the prime factors of l?
7109
Let n = 9352 + 7384. What are the prime factors of n?
2, 523
Suppose -3*c + 7*c = 5*b - 117520, c - 94037 = -4*b. List the prime factors of b.
2, 3, 653
Suppose 17*j = 6*j - 220. What are the prime factors of 4/j - 19910/(-50)?
2, 199
Let k(a) be the first derivative of -a**3/3 - 33*a**2 + 44*a + 130. List the prime factors of k(-30).
2, 281
Let o = -4231 - -9845. What are the prime factors of o?
2, 7, 401
Let a be (4/12)/((-6)/(-72) - 0). Suppose 4*u - 6660 = 5*n, -6*u - 8334 = -11*u + a*n. List the prime factors of u.
2, 5, 167
Suppose 5*k - 22320 = 2*z, -15*k + 19*k = 3*z + 17863. List the prime factors of k.
2, 23, 97
List the prime factors of 253674/15 + -4 + 1 + (-99)/165.
2, 3, 1409
Let r = -92270 + 132195. What are the prime factors of r?
5, 1597
Let j(h) be the first derivative of h**4/2 - 19*h**3/3 - 2*h**2 + 16*h + 103. What are the prime factors of j(10)?
2, 19
Suppose -s + z + 5 = -0*z, 4*z - 12 = -4*s. Suppose -2 = -2*f, 143 = 2*u - f - s*f. What are the prime factors of u?
2, 37
Suppose -19*u + 6150 = -3920. Let m = u + -307. What are the prime factors of m?
223
What are the prime factors of ((-19384)/(-14))/((-215)/(-1505))?
2, 2423
Suppose 5*t - s - 6788 = 3*s, 4070 = 3*t - s. Let a = -742 + t. List the prime factors of a.
2, 307
Suppose -73*q + 88*q = 247125. List the prime factors of q.
5, 659
Let m be (2740/(-25))/(4/10). Let w = m + 537. What are the prime factors of w?
263
Let p = 159 - 145. Suppose 6*f + p = 68. What are the prime factors of f?
3
Suppose 2*j = -2*c + 14, -3*j - 3 = -2*c - 9. Suppose -318 = -o + 2*m, -c*o + m + 3*m + 962 = 0. What are the prime factors of o?
2, 163
Suppose 60*t - 28*t - 28*t - 47584 = 0. What are the prime factors of t?
2, 1487
Suppose -12*m - 28*m + 69864 = -16*m. What are the